.
106
Calculate the highest common factor of 7037 and 496.
31
Calculate the greatest common divisor of 23532 and 5217.
111
What is the greatest common divisor of 102 and 6962979?
51
What is the greatest common factor of 40067 and 618?
103
What is the greatest common factor of 1386 and 1407?
21
Calculate the highest common factor of 321240 and 45.
15
What is the highest common factor of 17169 and 2301?
177
What is the highest common divisor of 34858 and 261?
29
What is the greatest common divisor of 14 and 31906?
14
What is the greatest common factor of 852 and 14748?
12
Calculate the highest common factor of 8 and 1516.
4
What is the greatest common factor of 88755 and 3355?
305
Calculate the greatest common divisor of 28472 and 24.
8
What is the highest common divisor of 56135 and 412?
103
What is the greatest common factor of 144999 and 54?
9
Calculate the greatest common divisor of 29267 and 5180.
259
What is the highest common factor of 52848 and 126?
18
Calculate the greatest common divisor of 747224 and 3472.
248
What is the highest common factor of 209 and 148?
1
Calculate the highest common factor of 1344 and 15288.
168
What is the greatest common divisor of 611 and 75059?
47
What is the highest common divisor of 11730 and 443670?
690
What is the highest common factor of 34 and 50378?
2
Calculate the greatest common factor of 902 and 1144.
22
Calculate the greatest common divisor of 51 and 217413.
51
Calculate the highest common factor of 2 and 851800.
2
Calculate the highest common divisor of 1470 and 2445.
15
What is the highest common factor of 4381 and 78?
13
What is the highest common divisor of 2325 and 90303?
93
Calculate the highest common factor of 482693 and 287.
41
What is the highest common divisor of 1270850 and 350?
350
Calculate the greatest common factor of 7139851 and 1069.
1069
What is the highest common factor of 739 and 4470211?
739
Calculate the highest common divisor of 10 and 164210.
10
Calculate the highest common factor of 1908 and 732.
12
What is the highest common divisor of 575 and 775?
25
What is the greatest common divisor of 452 and 402167?
113
What is the greatest common divisor of 303012 and 18?
18
Calculate the greatest common divisor of 427708 and 1012.
92
Calculate the greatest common factor of 14668 and 2052.
76
What is the greatest common divisor of 495 and 1125?
45
What is the highest common factor of 12070 and 97270?
710
What is the greatest common factor of 20062 and 21?
7
Calculate the greatest common factor of 507 and 3966261.
507
Calculate the highest common factor of 5226 and 5304.
78
Calculate the greatest common divisor of 5560 and 239914.
278
Calculate the greatest common divisor of 15 and 219795.
15
What is the greatest common factor of 3949 and 143959?
359
What is the greatest common divisor of 25 and 428375?
25
What is the greatest common factor of 1449 and 5359?
23
Calculate the highest common factor of 365 and 1158875.
365
What is the greatest common factor of 66 and 16599?
33
What is the highest common factor of 33824 and 108418?
302
What is the highest common divisor of 19894 and 1392?
58
What is the highest common divisor of 20470 and 160?
10
What is the greatest common factor of 1794 and 9347?
13
What is the greatest common factor of 90 and 75170?
10
Calculate the greatest common factor of 13308 and 145279.
1109
What is the greatest common factor of 652872 and 2640?
264
Calculate the greatest common factor of 15 and 5823465.
15
What is the greatest common divisor of 7052 and 1634?
86
What is the highest common divisor of 9100 and 689052?
364
Calculate the highest common factor of 268 and 53.
1
Calculate the highest common divisor of 58125 and 675.
75
Calculate the greatest common factor of 18585258 and 214.
214
Calculate the highest common factor of 133 and 1501.
19
What is the highest common divisor of 76 and 2088366?
38
Calculate the highest common divisor of 8890 and 3255518.
1778
What is the highest common divisor of 180 and 60552?
36
Calculate the highest common divisor of 1 and 8.
1
What is the greatest common divisor of 475 and 137731?
19
Calculate the highest common factor of 20735 and 130.
65
Calculate the highest common divisor of 17646 and 969.
51
What is the highest common divisor of 48 and 129?
3
What is the greatest common factor of 28582 and 620?
62
Calculate the greatest common factor of 8388 and 15372.
36
What is the greatest common divisor of 345155 and 5?
5
What is the greatest common divisor of 550 and 26150?
50
Calculate the greatest common divisor of 45 and 84765.
15
What is the greatest common factor of 39377 and 676?
169
What is the highest common divisor of 2270 and 18841?
227
Calculate the greatest common divisor of 11256 and 38190.
402
Calculate the highest common divisor of 9244 and 768.
4
Calculate the highest common factor of 3775 and 9600.
25
What is the greatest common divisor of 1323 and 729?
27
What is the highest common divisor of 2640 and 5670?
30
Calculate the greatest common divisor of 787287 and 34.
17
Calculate the highest common factor of 10 and 50495.
5
Calculate the highest common factor of 318 and 1446.
6
What is the highest common divisor of 594 and 142362?
198
Calculate the greatest common divisor of 98276 and 20.
4
What is the greatest common factor of 20 and 754445?
5
Calculate the greatest common factor of 13451427 and 99.
99
What is the highest common factor of 1024 and 70912?
256
What is the greatest common factor of 5533 and 85007?
503
Calculate the greatest common factor of 595944 and 445.
89
Calculate the greatest common factor of 38 and 13737.
19
Calculate the greatest common factor of 4082982 and 2406.
2406
What is the highest common factor of 720 and 40464?
144
Calculate the greatest common divisor of 32697 and 11937.
519
What is the highest common factor of 68992 and 64?
64
Calculate the highest common factor of 1780 and 44945.
445
What is the highest common divisor of 794529 and 1154?
577
Calculate the highest common factor of 8 and 5486.
2
Calculate the greatest common factor of 2980 and 187144.
596
What is the highest common factor of 1254858 and 594?
66
What is the highest common factor of 1105 and 5249855?
1105
Calculate the highest common divisor of 140 and 5845.
35
What is the highest common divisor of 895 and 170?
5
What is the greatest common factor of 25200 and 378?
126
Calculate the highest common factor of 45 and 6690810.
15
What is the highest common divisor of 718 and 350743?
359
What is the highest common factor of 30 and 2155935?
15
Calculate the greatest common divisor of 6612 and 123576.
228
What is the greatest common factor of 3120 and 145968?
48
What is the greatest common divisor of 432 and 42736?
16
Calculate the greatest common divisor of 232533 and 126.
63
What is the highest common factor of 617266 and 52?
26
Calculate the highest common divisor of 12 and 31452.
12
Calculate the greatest common divisor of 12741 and 186.
93
Calculate the greatest common factor of 18249 and 21.
21
What is the greatest common factor of 1534 and 24297?
13
What is the greatest common divisor of 3128 and 9752?
184
What is the greatest common factor of 235 and 496555?
235
Calculate the highest common factor of 23 and 6072.
23
What is the highest common factor of 2504 and 1116158?
626
What is the highest common divisor of 192 and 97024?
64
What is the greatest common factor of 364 and 116?
4
Calculate the highest common factor of 7557 and 213.
3
Calculate the highest common factor of 2079 and 15849.
27
What is the highest common factor of 9266 and 89722?
226
What is the greatest common factor of 46625 and 125?
125
Calculate the highest common divisor of 1016901 and 81.
27
What is the highest common factor of 720 and 11280?
240
Calculate the highest common divisor of 136 and 187102.
34
What is the highest common divisor of 2652 and 3068?
52
Calculate the greatest common factor of 8909 and 5782.
59
What is the highest common factor of 4893017 and 509?
509
What is the highest common divisor of 7885 and 257735?
95
What is the highest common divisor of 1279190 and 1276?
638
What is the highest common divisor of 218 and 138539?
109
What is the greatest common factor of 149375 and 5000?
625
Calculate the highest common divi